is the tens digit of u?
1
Let i(h) = 5*h**3 - 7*h**2 + 28*h - 166. Let f = -502 + 508. What is the units digit of i(f)?
0
Let c(s) = 1. Let w(v) be the third derivative of -13*v**6/30 - v**5/30 + v**4/12 - v**3 + 9*v**2. Let x(q) = -5*c(q) - w(q). What is the units digit of x(1)?
3
Suppose -4*t = 2*y - 1473 + 531, -5*t = -y - 1167. Let b = t - 105. Suppose -b = -7*p + 88. What is the tens digit of p?
3
Let z = 3511 - 2501. Suppose 5*u - z = 2*q, 3*u = -2*u + q + 1005. Suppose 2*o = 7*o + 4*j - u, -4*o = 4*j - 164. What is the units digit of o?
6
Let l = -127 + 130. Suppose -24 = -l*s + 69. What is the units digit of s?
1
Let m = -8436 - -16633. What is the hundreds digit of m?
1
Suppose 151*d = 146*d - 515. Let h = 504 + d. What is the hundreds digit of h?
4
Let a(j) = j**3 + 17*j**2 - 23*j - 16. Let q be a(-17). Let y = 24 + -13. Suppose y*w - q = 967. What is the hundreds digit of w?
1
Let t = -977 + 4327. Suppose 4*a - 1845 = 5*j, 5*a + 4*j = t - 1095. What is the hundreds digit of a?
4
Suppose 42*q = 27*q - 3*f + 328569, -4*q - 4*f + 87596 = 0. What is the hundreds digit of q?
9
Suppose 3*g + 2*d = -g - 16, d = 4*g + 16. Let t be (3/g)/((-11)/44). Suppose 30 + 30 = t*v. What is the tens digit of v?
2
Suppose 0 = -12*p - 4*p + 128. Let i(f) = 36*f + 51. What is the tens digit of i(p)?
3
Let n be 1*(-421 - 4)/5. Let u = -54 - n. What is the units digit of u?
1
What is the tens digit of 20574527/6735 + 2 + (-28)/15?
5
Suppose 0 = -5*y + 2*y. Let z = 0 + 9. Suppose y = -u + z + 15. What is the tens digit of u?
2
Suppose 3*t + 64*v = 61*v, -4*t - v + 6 = 0. Let p(u) = 3*u**2 - 4*u. Let w be p(6). Suppose t*b = 4*f + w, -1 = -f + 2. What is the units digit of b?
8
Let f(h) = 2*h**3 - 80*h**2 - 63*h + 72. Let t(p) = -5*p + 11. Let s be t(-6). What is the tens digit of f(s)?
5
What is the hundreds digit of 7 + (-220)/33 - 5/(30/(-140098))?
3
Let r = 220 + -228. What is the hundreds digit of (16/(-9))/r + 9428/18?
5
Let t(a) = a + 4. Let i be t(-1). Suppose 1530 + 78 = i*s. Suppose 0 = -5*l + l + s. What is the tens digit of l?
3
Let n = -552 + 555. Suppose n*x - 1474 = -o, x + 1462 = 3*o - 2*o. What is the thousands digit of o?
1
Let w(g) = g**3 + 60*g**2 - 116*g - 101. What is the thousands digit of w(-60)?
6
Let o(g) = 26*g**3 - 11*g**2 + 36*g + 59. What is the hundreds digit of o(9)?
4
Let k = -262 + 1487. Let n = 1717 - k. What is the hundreds digit of n?
4
Suppose 4*a = 3*h + 42, 9 + 37 = 4*a - h. Suppose 0 = 14*d - 11*d - a. Suppose 0 = -5*j + 2*k + 478, 0*j + d*k + 92 = j. What is the tens digit of j?
9
Let g(p) = p**2 - 4*p - 65. Let d be g(-14). Suppose 186*o - d*o = -88. What is the tens digit of o?
8
Let s = -3154 - -31781. What is the hundreds digit of s?
6
Let b = 18286 + -11660. What is the hundreds digit of b?
6
Suppose -1994 + 9197 = 2*j - 5*x, x = 4*j - 14433. What is the units digit of j?
9
Let c be 2 + (-4)/(-2) - (1 - 1). Suppose -5*r = -5*f + 40, -2*r + 3*f - c = -4*r. What is the tens digit of r/(1 - (-5)/(245/(-51)))?
9
What is the ten thousands digit of (-25 - 2) + (-5585920)/(-512)?
1
Let o(i) = 83*i + 51. What is the hundreds digit of o(5)?
4
Let v(j) = -j**2 - 19*j - 50. Suppose -20*i = -9*i + 132. What is the units digit of v(i)?
4
What is the units digit of (-125080050)/(-4200) + (-2)/(-56)?
1
Let a(l) = 2*l + 0*l - 4*l + 67 + 311. What is the hundreds digit of a(0)?
3
Let r(h) = -21*h. Let g be r(0). Suppose -17*p + p + 8288 = g. What is the units digit of p?
8
Let g be (34888/(-12))/((-4)/6). Suppose 5*n = g + 74. What is the tens digit of n?
8
Let i(b) = b**3 + b**2 - b + 771. Let n be i(0). Suppose 537 = 3*q - n. What is the units digit of q?
6
What is the thousands digit of (-1)/7 + 47910/14 + -6?
3
Let d(a) = -882*a**3 - 3*a**2 + 12*a + 26. What is the units digit of d(-2)?
6
Suppose 109*t - 92*t = 867748. What is the thousands digit of t?
1
Let c(b) = 107*b - 33*b + 10*b + 90*b + 25*b - 372. What is the hundreds digit of c(7)?
0
Suppose -3*d + 21 + 35 = 5*x, -x + 4 = 0. Suppose 3794 = -5*z + d*z. What is the hundreds digit of z?
5
Let n(h) = h - 6. Suppose -3*u - 2*i + 2 = -4, 4 = 2*u + 5*i. Let k be n(u). What is the tens digit of -2 - k - 11*-6?
6
Let c = -2386 - -9399. What is the tens digit of c?
1
Let f = 773 - -577. What is the tens digit of (-4 - 8/(-4)) + f/2?
7
Let n(a) = -2*a - 46. Let g be n(-17). What is the tens digit of (g + -2)*3/(24/(-260))?
5
Let l(c) = 4*c**3 - 3*c**2 - c + 4. Let d = 16 - 14. Let a be l(d). What is the hundreds digit of (1*-5)/((a/(-40))/11)?
1
Let l = 30 + -21. Suppose -8*j + 5865 = l*j. What is the units digit of j?
5
Suppose -9*s + 11*s = -4*p + 2332, -5*p - 3*s = -2915. What is the units digit of p?
3
Let f = 39216 - 27246. What is the hundreds digit of f?
9
Suppose -36*z + 2632 = -50*z. Let a = 43 - -252. Let g = a + z. What is the hundreds digit of g?
1
Suppose 4*s + 0*n + 28 = -2*n, -15 = -s + 5*n. Let l be s*(-10)/25 - -4. Suppose 0 = -l*v + v + 1060. What is the units digit of v?
2
Suppose 0 = 47*h - 120911 - 65773. What is the units digit of h?
2
Let p(z) = -z**3 + 15*z**2 - z - 11. Let w(h) = 2*h**2 + 6*h - 5. Let o be w(-5). Let r be p(o). Let c = 18 - r. What is the units digit of c?
4
Let v be 210 + (-1 - -2)*1. Suppose 3*b - 362 = v. Let z = b + -88. What is the hundreds digit of z?
1
Suppose -5*b + 117*a = 119*a + 618, 4*a = 3*b + 376. Let k = b + 410. What is the units digit of k?
6
Let g(a) = a**2 - 3*a + 2. Let b be g(2). Suppose 6*p - 1256 + 200 = b. Suppose -5*f = -p - 704. What is the hundreds digit of f?
1
Suppose 5*b - 14*b = -3240. What is the tens digit of b/10 - (1 - 0)?
3
Suppose 5*v - 44892 = -13*g + 15*g, g = -5*v + 44874. What is the hundreds digit of v?
9
Let w be 145 + 5/((-20)/(-16)). Suppose 150*j = w*j + 36. Let z = j - -121. What is the units digit of z?
7
Let x be ((-3 - -5) + 3 - 1) + 1826. Suppose 2*v - x = -4*u - u, -5*v = 3*u - 1117. What is the tens digit of u?
6
Let o = -19 + 22. Suppose o*u = -3, 3*i + u - 134 = -3. Let p = i - 7. What is the units digit of p?
7
Let l be ((-32)/(-336)*-14)/((-4)/(-42)). What is the hundreds digit of (-126)/(-36)*(-4892)/l?
2
Let i(o) = -698*o**3 + o**2 - 73*o - 197. What is the tens digit of i(-3)?
7
Suppose z + 114 = -5*j + 993, -z + j + 849 = 0. Suppose 10 = -5*w, -17*b + 5*w - z = -20*b. What is the tens digit of b?
8
Suppose 3*y = -4*p - p - 11057, -2*y + 8850 = -4*p. What is the hundreds digit of 15/20 + (-2)/(32/p)?
1
Suppose 0 = 5*s - 0*s + 5*k - 20, s = k - 6. Let g be (-84)/(4/(-8) + 0 + s). Suppose -3*f - z + g = 3*z, z - 53 = -4*f. What is the units digit of f?
2
Let l(j) be the first derivative of -17*j**4/4 - j**3/3 - j**2/2 + 2*j + 14. What is the hundreds digit of l(-3)?
4
What is the ten thousands digit of (-1420)/(-852) - (1 - 397542/9)?
4
Suppose -2*l - 90 = -84. Let x be (l - -2) + (-3 - -6 - -304). Let n = -179 + x. What is the units digit of n?
7
Suppose 2*m - 5*m + 2*q = -11, 0 = -5*m + 5*q + 15. Suppose -r + 0*p + m*p = -1043, -5*r - 4*p + 5186 = 0. What is the hundreds digit of r?
0
Suppose 6*v - 13*v = -21. Suppose v*r = 3*g + 336, 3*r + 215 = 5*r - 5*g. What is the hundreds digit of r?
1
Let t(k) = -337*k + 197. Let m be t(-17). Suppose -11*f = -16*f + b + m, -3*b - 3558 = -3*f. What is the units digit of f?
5
Suppose j = -q - 39, q - 5*j + 42 = -3*j. What is the units digit of (206/10)/((-8)/q)?
3
Suppose 0 = 8*j + 13362 - 64354. What is the tens digit of j?
7
Let u = 33 - 30. Suppose 3*r + 21 = 4*b, 14 + 19 = 5*b + u*r. What is the units digit of -2 + (-3 + 18)*(b - 1)?
3
Suppose -56*z = 263 - 39. Let h = 26 + -68. What is the units digit of (-28)/h*(-438)/z?
3
Let c(o) = -o**3 + 9*o**2 - 7*o - 6. Let g be c(8). Let b be (-378)/(-1) - (g - 3). Suppose 5*u - 131 = b. What is the units digit of u?
2
Suppose -3490 = -8*b - 1418. Let u = 256 + b. What is the hundreds digit of u?
5
Let t = -3348 + 24105. What is the units digit of t?
7
What is the units digit of (-3*26/18*-1)/(1/5277)?
7
Let w(u) be the third derivative of 9*u**6/40 + u**5/60 - u**4/8 - 5*u**3/6 + 2*u**2 - 10. What is the tens digit of w(2)?
0
Let k(v) be the second derivative of -v**3/2 + 2*v**2 - 25*v. Suppose 35 - 45 = 5*i. What is the units digit of k(i)?
0
What is the hundreds digit of ((-311)/1)/(65